{"id":44,"date":"2024-01-08T15:24:55","date_gmt":"2024-01-08T14:24:55","guid":{"rendered":"http:\/\/shop.lescilsdukio.fr\/?post_type=product&#038;p=44"},"modified":"2026-01-05T14:29:25","modified_gmt":"2026-01-05T13:29:25","slug":"male-de-mer","status":"publish","type":"product","link":"http:\/\/shop.lescilsdukio.fr\/index.php\/product\/male-de-mer\/","title":{"rendered":"M\u00e2le de mer"},"content":{"rendered":"<p><img loading=\"lazy\" decoding=\"async\" class=\"aligncenter wp-image-131 size-full\" src=\"http:\/\/shop.lescilsdukio.fr\/wp-content\/uploads\/2024\/01\/Screenshot-2024-01-09-at-21.05.08.png\" alt=\"\" width=\"746\" height=\"978\" srcset=\"http:\/\/shop.lescilsdukio.fr\/wp-content\/uploads\/2024\/01\/Screenshot-2024-01-09-at-21.05.08.png 746w, http:\/\/shop.lescilsdukio.fr\/wp-content\/uploads\/2024\/01\/Screenshot-2024-01-09-at-21.05.08-425x557.png 425w, http:\/\/shop.lescilsdukio.fr\/wp-content\/uploads\/2024\/01\/Screenshot-2024-01-09-at-21.05.08-229x300.png 229w\" sizes=\"auto, (max-width: 746px) 100vw, 746px\" \/><\/p>\n","protected":false},"excerpt":{"rendered":"<p>Ce livre dresse le portrait d&#8217;un homme, Arnaud Dufourcq, jeune marin Normand, devenu patron-p\u00eacheur au Grau-du-Roi (Camargue).<\/p>\n<p><span class=\"texteditor-inline-color\"><span class=\"texteditor-inline-fontsize\"><span class=\"italic\">Des interviews en immersion \u00e0 bord de son chalutier le <a href=\"https:\/\/www.facebook.com\/ArmementJuliarth\">Juliarth II<\/a> ont permis de saisir sa r\u00e9alit\u00e9 au plus pr\u00e8s. Elles constituent l\u2019assise du texte.<\/span><\/span><\/span><\/p>\n<p><span class=\"texteditor-inline-color\"><span class=\"texteditor-inline-fontsize\"><span class=\"italic\">Le travail d\u2019illustration retrace les \u00e9tapes de sa vie de marin- p\u00eacheur jusqu\u2019\u00e0 nos jours et m\u00eale images anciennes, personnelles et artistiques.<\/span><\/span><\/span><\/p>\n<p>&nbsp;<\/p>\n<ul>\n<li>Livre taille A5<\/li>\n<li>158 pages, + de 50 photos couleur<\/li>\n<li>Edition limit\u00e9e<\/li>\n<li>Imprim\u00e9 en France<\/li>\n<\/ul>\n<p>&nbsp;<\/p>\n<p><a href=\"https:\/\/lescilsdukio.fr\/votre-biographe\"><strong>R\u00e9daction, illustration, \u00e9dition : Les Cils d&#8217;Ukio<\/strong><\/a><\/p>\n<p>&nbsp;<\/p>\n<p><span class=\"texteditor-inline-color\">\u00c0 l\u2019image d\u2019une<\/span><span class=\"texteditor-inline-color\"> estampe japonaise<\/span><span class=\"texteditor-inline-color\">, nous r\u00e9alisons des livres biographiques illustr\u00e9es. Paskal, <\/span><span class=\"texteditor-inline-color\">\u00e9crivain<\/span><span class=\"texteditor-inline-color\">, et Kalian, <\/span><span class=\"texteditor-inline-color\">artiste-photographe<\/span><span class=\"texteditor-inline-color\">, travaillent la mati\u00e8re premi\u00e8re de <\/span><span class=\"texteditor-inline-color\">votre histoire personnelle<\/span><span class=\"texteditor-inline-color\"> et la mat\u00e9rialisent sous la forme d\u2019un <\/span><span class=\"texteditor-inline-color\">livre biographique\u00a0<\/span><span class=\"texteditor-inline-color\">\u00e0 votre image.<\/span><\/p>\n","protected":false},"featured_media":45,"template":"redux-templates_canvas","meta":[],"product_brand":[],"product_cat":[22],"product_tag":[25,30,31,28,42],"class_list":{"0":"post-44","1":"product","2":"type-product","3":"status-publish","4":"has-post-thumbnail","6":"product_cat-livres-biographiques","7":"product_tag-arnaud-dufourcq","8":"product_tag-biographe-occitanie","9":"product_tag-chalutier-grau-du-roi","10":"product_tag-juliarth-ii","11":"product_tag-patron-pecheur","12":"product_shipping_class-colis-400gr","14":"first","15":"outofstock","16":"shipping-taxable","17":"purchasable","18":"product-type-simple"},"_links":{"self":[{"href":"http:\/\/shop.lescilsdukio.fr\/index.php\/wp-json\/wp\/v2\/product\/44","targetHints":{"allow":["GET"]}}],"collection":[{"href":"http:\/\/shop.lescilsdukio.fr\/index.php\/wp-json\/wp\/v2\/product"}],"about":[{"href":"http:\/\/shop.lescilsdukio.fr\/index.php\/wp-json\/wp\/v2\/types\/product"}],"wp:featuredmedia":[{"embeddable":true,"href":"http:\/\/shop.lescilsdukio.fr\/index.php\/wp-json\/wp\/v2\/media\/45"}],"wp:attachment":[{"href":"http:\/\/shop.lescilsdukio.fr\/index.php\/wp-json\/wp\/v2\/media?parent=44"}],"wp:term":[{"taxonomy":"product_brand","embeddable":true,"href":"http:\/\/shop.lescilsdukio.fr\/index.php\/wp-json\/wp\/v2\/product_brand?post=44"},{"taxonomy":"product_cat","embeddable":true,"href":"http:\/\/shop.lescilsdukio.fr\/index.php\/wp-json\/wp\/v2\/product_cat?post=44"},{"taxonomy":"product_tag","embeddable":true,"href":"http:\/\/shop.lescilsdukio.fr\/index.php\/wp-json\/wp\/v2\/product_tag?post=44"}],"curies":[{"name":"wp","href":"https:\/\/api.w.org\/{rel}","templated":true}]}}